 4440.
111
What is the highest common factor of 388 and 26287?
97
Calculate the highest common factor of 12 and 960.
12
What is the highest common factor of 1800 and 7600?
200
Calculate the greatest common factor of 48 and 32.
16
What is the highest common factor of 42 and 2331?
21
What is the greatest common divisor of 84 and 6972?
84
Calculate the greatest common divisor of 18 and 19674.
18
What is the highest common divisor of 1034 and 188?
94
What is the highest common factor of 329 and 16356?
47
What is the highest common divisor of 473 and 2752?
43
What is the greatest common factor of 4 and 724?
4
What is the highest common divisor of 22 and 4?
2
Calculate the highest common divisor of 18 and 48.
6
What is the highest common divisor of 687 and 3?
3
What is the highest common divisor of 37 and 4033?
37
Calculate the greatest common factor of 5 and 13135.
5
Calculate the highest common divisor of 285 and 2964.
57
Calculate the greatest common factor of 69 and 24.
3
What is the greatest common factor of 23 and 1?
1
What is the greatest common factor of 70 and 40?
10
Calculate the greatest common divisor of 2180 and 20.
20
What is the highest common divisor of 384 and 2768?
16
Calculate the greatest common divisor of 1421 and 29.
29
Calculate the greatest common factor of 13 and 247.
13
Calculate the highest common factor of 170 and 34.
34
What is the greatest common factor of 7 and 2?
1
Calculate the greatest common divisor of 35 and 15.
5
What is the greatest common factor of 41 and 1025?
41
Calculate the highest common factor of 5420 and 100.
20
What is the highest common factor of 216 and 54?
54
Calculate the greatest common factor of 163 and 652.
163
Calculate the greatest common divisor of 98 and 238.
14
Calculate the highest common factor of 5 and 3505.
5
Calculate the highest common factor of 70 and 112.
14
Calculate the greatest common divisor of 94498 and 74.
74
What is the highest common factor of 81 and 45360?
81
What is the greatest common divisor of 1360 and 2992?
272
What is the highest common factor of 24687 and 9?
9
What is the greatest common divisor of 27 and 36?
9
What is the greatest common factor of 24 and 28?
4
What is the highest common divisor of 155 and 6200?
155
Calculate the greatest common divisor of 4572 and 72.
36
What is the highest common factor of 2046 and 264?
66
Calculate the greatest common divisor of 112 and 16.
16
What is the greatest common divisor of 265 and 4081?
53
What is the highest common divisor of 276 and 168?
12
What is the greatest common divisor of 10 and 12?
2
What is the highest common factor of 2043 and 227?
227
What is the highest common divisor of 39 and 208?
13
What is the highest common divisor of 24 and 31848?
24
Calculate the highest common factor of 279 and 45.
9
Calculate the greatest common factor of 1998 and 72.
18
What is the highest common factor of 15 and 1215?
15
Calculate the highest common divisor of 352 and 836.
44
Calculate the greatest common factor of 18 and 3762.
18
Calculate the greatest common factor of 189 and 105.
21
What is the highest common factor of 1128 and 705?
141
What is the highest common factor of 45 and 45?
45
What is the greatest common divisor of 8183 and 501?
167
What is the greatest common divisor of 1287 and 1521?
117
What is the highest common factor of 2813 and 29?
29
Calculate the greatest common divisor of 1368 and 57.
57
Calculate the highest common factor of 551 and 58.
29
Calculate the highest common divisor of 530 and 10.
10
What is the greatest common factor of 120 and 1620?
60
What is the greatest common factor of 20 and 580?
20
What is the highest common divisor of 32006 and 78?
26
What is the highest common factor of 520 and 680?
40
What is the greatest common divisor of 8224 and 112?
16
What is the greatest common factor of 30 and 1615?
5
What is the highest common divisor of 2211 and 1608?
201
Calculate the highest common divisor of 5282 and 19.
19
What is the greatest common divisor of 9 and 261?
9
What is the greatest common divisor of 27 and 243?
27
What is the highest common divisor of 63 and 49?
7
Calculate the greatest common divisor of 3468 and 48.
12
What is the greatest common factor of 896 and 384?
128
Calculate the greatest common factor of 319 and 55.
11
What is the greatest common factor of 9 and 7?
1
What is the highest common factor of 15 and 23115?
15
What is the highest common divisor of 1216 and 160?
32
What is the greatest common divisor of 80 and 5?
5
Calculate the highest common divisor of 152 and 40888.
152
What is the greatest common factor of 621 and 18?
9
What is the greatest common factor of 2322 and 162?
54
What is the greatest common divisor of 99 and 55?
11
What is the greatest common divisor of 42 and 450?
6
Calculate the highest common factor of 636 and 36.
12
What is the greatest common factor of 1771 and 847?
77
Calculate the greatest common divisor of 1479 and 102.
51
Calculate the greatest common factor of 7 and 4718.
7
Calculate the highest common factor of 76 and 171.
19
Calculate the highest common divisor of 17 and 9469.
17
Calculate the highest common divisor of 196 and 4.
4
Calculate the greatest common divisor of 26 and 12.
2
What is the greatest common factor of 1206 and 2278?
134
What is the highest common factor of 105 and 350?
35
What is the greatest common divisor of 1691 and 57?
19
Calculate the highest common divisor of 44172 and 24.
12
What is the highest common factor of 34 and 15079?
17
Calculate the greatest common divisor of 512 and 2.
2
Calculate the greatest common divisor of 83 and 249.
83
Calculate the greatest common factor of 374 and 2442.
22
What is the highest common factor of 8 and 3088?
8
Calculate the highest common factor of 1782 and 1296.
162
Calculate the greatest common divisor of 4720 and 560.
80
Calculate the highest common factor of 1053 and 468.
117
What is the greatest common divisor of 114 and 270?
6
What is the greatest common factor of 354 and 6?
6
What is the greatest common factor of 5 and 15?
5
Calculate the greatest common factor of 10 and 40730.
10
What is the highest common divisor of 1743 and 28?
7
What is the highest common factor of 20 and 310?
10
Calculate the highest common factor of 1144 and 792.
88
Calculate the highest common divisor of 15262 and 26.
26
What is the greatest common divisor of 6097 and 65?
13
Calculate the highest common divisor of 28 and 72.
4
Calculate the greatest common divisor of 414 and 3772.
46
What is the greatest common divisor of 132 and 220?
44
What is the highest common factor of 32376 and 12?
12
What is the greatest common divisor of 170 and 3485?
85
Calculate the greatest common divisor of 5 and 20.
5
What is the highest common factor of 11363 and 22?
11
Calculate the highest common factor of 403 and 130.
13
Calculate the highest common divisor of 448 and 784.
112
Calculate the highest common factor of 110 and 275.
55
Calculate the highest common divisor of 87 and 15.
3
What is the highest common divisor of 224 and 7648?
32
Calculate the greatest common divisor of 32 and 5648.
16
What is the greatest common divisor of 162 and 36?
18
Calculate the highest common factor of 15 and 192.
3
What is the greatest common factor of 740 and 60?
20
What is the greatest common factor of 50 and 470?
10
Calculate the highest common divisor of 16 and 784.
16
Calculate the highest common divisor of 2332 and 132.
44
What is the greatest common factor of 6390 and 15?
15
Calculate the highest common factor of 14 and 112.
14
Calculate the greatest common factor of 49 and 1372.
49
What is the greatest common factor of 104 and 13988?
52
What is the greatest common divisor of 325 and 300?
25
What is the highest common factor of 23 and 207?
23
What is the highest common divisor of 2585 and 1650?
55
What is the highest common divisor of 21 and 6?
3
What is the greatest common factor of 48 and 16?
16
Calculate the greatest common factor of 1403 and 391.
23
Calculate the highest common factor of 172 and 2838.
86
What is the greatest common factor of 5822 and 246?
82
Calculate the highest common divisor of 1139 and 134.
67
What is the highest common divisor of 96 and 1392?
48
Calculate the highest common divisor of 120 and 165.
15
What is 